ppose 244 = -3*v + z*v. What is the remainder when v is divided by 16?
13
Suppose -7*j + 11*j - 100 = 0. Calculate the remainder when 49 is divided by j.
24
Let z(f) = 15*f + 12. Calculate the remainder when z(7) is divided by 15.
12
Let h = 98 + -59. Calculate the remainder when h is divided by 20.
19
Suppose a = -22 + 53. Calculate the remainder when a is divided by 17.
14
Suppose -3*t - 2*t + 20 = 0. Let j = t - 3. Let r = -5 + 7. What is the remainder when r is divided by j?
0
Calculate the remainder when (3/15 - 0) + (-916)/(-20) is divided by 10.
6
Let l(r) be the first derivative of 2*r**3/3 - 7*r**2/2 + 6*r + 3. What is the remainder when l(7) is divided by 14?
13
Suppose 4*w + 11 = -m + 2*m, m = w + 5. Let n(l) = l**2 + 17*l - 4. What is the remainder when n(-19) is divided by -1 + 2/(w/(-13))?
10
Let i(b) = -b**2 + 5*b - 1. Let y be i(4). What is the remainder when 19 is divided by -1*1*(-7 - y)?
9
Let d(x) be the first derivative of -3 + 6*x + x + 1 - 3*x**2. What is the remainder when d(-6) is divided by 15?
13
Suppose -5*s = 4*m - 176, 3*s - 4*m = -3*m + 92. What is the remainder when s is divided by 12?
8
Let o(s) = s**3 + s**2 + s + 354. Let w be o(0). What is the remainder when 2/(-7) + w/14 is divided by 9?
7
Suppose 4*m = -4*c, -2*c + 2*m = 3*m. Suppose 0 = 3*d + 6 - c, 3*l + 3*d - 39 = 0. Suppose 0 = -2*k + 13 + l. Calculate the remainder when 26 is divided by k.
12
Let v(b) = b**3 - 15*b**2 - 16*b + 13. What is the remainder when 24 is divided by v(16)?
11
Let l = 5 + -5. Suppose -5*i + i = l. Suppose i = 3*z - 4*s - 28, -z + 2 = 4*s - 2. Calculate the remainder when z is divided by 3.
2
Let f(r) = r + 13. What is the remainder when f(5) is divided by 5?
3
What is the remainder when 30 is divided by (34/3)/(50/75)?
13
What is the remainder when 249*2*1/6 is divided by 28?
27
Let q = 6 + 0. Calculate the remainder when (-3)/(-6) + 42/4 is divided by q.
5
Suppose -3*g = 2*g - 45. Let c = 35 - 9. What is the remainder when c is divided by g?
8
Suppose -p + 2 = -0*p. Calculate the remainder when (14 - p)/((-6)/(-4)) is divided by 3.
2
Let x = 3 - -13. Suppose v + 5*r + 6 = -v, 3*r = 2*v + 22. Let k = 17 + v. Calculate the remainder when x is divided by k.
7
Suppose 3 - 11 = -j - 2*b, 3*b + 6 = 3*j. Suppose 4*v - c - 119 = 0, -c - j*c = v - 14. What is the remainder when 56 is divided by v?
27
Suppose 5*o - 2*a = -0*a + 25, 5*a + 10 = 2*o. Suppose 0 = 5*m - o*j, -15 = 2*m + 2*j - 7. Calculate the remainder when 52 is divided by (-30 - 2)/m - -2.
16
Let b(i) = -i**2 - 6*i + 2. Let z = 3 + -2. Suppose o + 2*k = -1 - 0, -3*o - 5*k - z = 0. Calculate the remainder when b(-3) is divided by o.
2
Suppose -h - 9 = -c - c, 2*h - 31 = -3*c. Calculate the remainder when c is divided by (44/33)/(2/6).
3
Suppose 19 + 2 = 7*c. What is the remainder when c is divided by 1?
0
Suppose -5*b = -5 - 5. Suppose 0*n = -b*n + 10. Calculate the remainder when n is divided by 2.
1
Let r(h) = -3*h - 3. Suppose o = -o + 80. Suppose 4*d + d - o = 0. What is the remainder when d is divided by r(-2)?
2
Suppose -5*o = -0*o - 35. Let d(n) = -n**3 - 3*n**2 + 3*n - 6. What is the remainder when d(-5) is divided by (48/14 - 2)*o?
9
Suppose -2*i = -4 + 6. Let r = i + 15. Calculate the remainder when r is divided by 6.
2
Suppose 0*v - 5*v + 48 = -3*r, -2*r = -8. Let t be (0 - 1)*-1*131. Suppose t - 39 = 4*b. Calculate the remainder when b is divided by v.
11
Suppose 3*r + 2*k - 6 = 0, r + k + 2 = 3. Suppose 10 = -3*x + r*t, 2*t = 2*x + 4 + 4. What is the remainder when (-92)/(-3)*(-9)/x is divided by 16?
14
Suppose -2*o - o = -9. What is the remainder when 13 is divided by o?
1
Let v(l) = -6*l**2 - 37*l - 1. What is the remainder when v(-6) is divided by 2?
1
Let a = 8 + -5. Let i(x) = 4*x**2 + x - 3. Let v be i(a). Suppose -4*o = 3*u - 5, o - 3*o = -4*u + v. What is the remainder when u is divided by 4?
3
Suppose 2*p + p - 2*b = 1397, -5*p = -5*b - 2320. Suppose 4*m - p = -129. Calculate the remainder when m is divided by 22.
19
Let p = -79 + 93. Let j(u) = -8*u + 6. Calculate the remainder when j(-6) is divided by p.
12
Let k(j) = 14*j. Let g be k(-1). Suppose -116 = 5*t + 19. Let f = g - t. Calculate the remainder when 38 is divided by f.
12
Suppose -l = 2*l - 57. Let r be (-3 + 8)*(-56)/(-35). Calculate the remainder when l is divided by 82/r + 7/(-28).
9
Let h(g) = -g**2 + 1. Let o be h(-1). Suppose -j - 13 = 4*s - 2*s, o = -5*j - 5*s - 80. Let i = 33 + j. Calculate the remainder when 27 is divided by i.
13
Suppose -3 = -4*v - 5*i - 13, -3*i = -3*v + 6. Suppose 4*j - 64 = -b, v = -4*j + 4*b - 0*b + 44. Calculate the remainder when (-8)/3*(-63)/4 is divided by j.
12
Suppose -2*m + 0 = -10. What is the remainder when m is divided by 2?
1
Let c = 108 + -60. What is the remainder when c is divided by 25?
23
Let p = 14 + -26. Calculate the remainder when p/20 + 576/10 is divided by 20.
17
Let n = -5 + 14. Suppose n = 3*m - 3. Calculate the remainder when 10 is divided by m.
2
Let c = 7 - 2. Suppose c*r = -5*z + 143 - 58, 0 = 3*z. What is the remainder when 0 - (-33 - (-1 - -1)) is divided by r?
16
Suppose 27*l - 160 = 22*l. Calculate the remainder when l is divided by 20.
12
What is the remainder when (1/(-4) + 5/4)*42 is divided by 23?
19
Let c(o) = -o**3 - 5*o**2 - 5*o. What is the remainder when 17 is divided by c(-4)?
1
Let n be 1*-2*(-5)/2. Suppose -7 - n = -4*q. Suppose 2*l = 2*r + r + 35, -q*l + 3*r + 48 = 0. What is the remainder when l is divided by 5?
3
Let g(v) = v**2 - 3*v**3 - v**3 + 3*v - 9*v**2 + 5*v**3. Let k be g(7). Let s = 41 + k. What is the remainder when s is divided by 5?
3
Let n(z) be the first derivative of -z**3/3 + 5*z**2 - 9*z + 1. Let y = 125 + -82. What is the remainder when y is divided by n(6)?
13
Let j be 3/12 + (-7)/(-4). Let x = j + -24. Calculate the remainder when 5 is divided by (-5)/(-20) + x/(-8).
2
Let q(n) = n**2 + n + 15. Let y be 0/3 - 2 - -2. Calculate the remainder when 28 is divided by q(y).
13
Suppose -8 = 2*h - 4. Let a be 1*h*(-9)/6. Suppose 61 = 2*z - a*l, -l - l = 2. What is the remainder when z is divided by 10?
9
Let x = -16 - -31. What is the remainder when 72 is divided by x?
12
Suppose 4 = 2*s + 4*a, s = -3*s + 5*a + 34. Calculate the remainder when (-5)/(-20) - 166/(-8) is divided by s.
3
Let y = 260 - 40. Suppose -d + 6*d = y. Suppose -64 = -2*j - 18. What is the remainder when d is divided by j?
21
Let y = -17 - -29. Suppose 0*a + 25 = 5*a. Suppose -220 = -a*h - 45. Calculate the remainder when h is divided by y.
11
Let n = 60 - -11. Calculate the remainder when n is divided by 24.
23
Let s(y) = y**3 + 9*y**2 - 13*y - 6. Let u be s(-10). Suppose -3*g = -6*g + u. What is the remainder when g is divided by 3?
2
Suppose z - 4 + 2 = 0. Suppose z*o + o - 45 = 0. Suppose 4*y - 2*y - 56 = 0. Calculate the remainder when y is divided by o.
13
Let y = 161 + -2. What is the remainder when y is divided by 41?
36
Let w = -4 + 2. Let m = 11 - 8. What is the remainder when w/6 - (-75)/9 is divided by m?
2
Suppose 7 - 123 = -4*t. Calculate the remainder when t is divided by 20.
9
Suppose 6*o - 52 = 2*o. Let l(z) = 6*z - 10. What is the remainder when l(8) is divided by o?
12
Let r = 831 - 592. Calculate the remainder when r is divided by 12.
11
Suppose 2*l - 12 = -g, 0 = -3*g + 5*g + 5*l - 28. Let v be -2 + (-6)/(-2) - -4. Let z = v + g. Calculate the remainder when 16 is divided by z.
7
Let c = -6 + 8. Let q(d) = 3*d - 6. Calculate the remainder when (17 - c) + -1 - -2 is divided by q(5).
7
Suppose 4*r = k + 89, -5*r + 139 = -4*k + 14. What is the remainder when r is divided by 11?
10
Let x(n) = n - 5. Let w be x(-8). Let k = w - -18. Suppose 3 = u + z - 2, -k*u - 3*z + 19 = 0. What is the remainder when 4 is divided by u?
0
Let b = -26 - -40. What is the remainder when b is divided by (-10)/2*(-5 - -4)?
4
Let u = -18 - -21. Suppose -h = -5*w - 16, -u = -5*h + w + 5. Calculate the remainder when h is divided by 1.
0
Let p = -21 + 29. Suppose -5*q = 5*g + 50, 3*q - g + 4 + 10 = 0. Let d(w) = w**3 + 6*w**2 - 4*w - 9. Calculate the remainder when d(q) is divided by p.
7
Suppose -7 = -5*u + 3. Suppose 0 = 3*c - u*c - 4. Calculate the remainder when 11 is divided by c.
3
Let z(l) = l**2 - 5*l - 2. Suppose -2*h + 5 = -9.